ors of 4197305?
5, 7, 119923
List the prime factors of 319300.
2, 5, 31, 103
List the prime factors of 334378.
2, 11, 15199
What are the prime factors of 1942560?
2, 3, 5, 19, 71
What are the prime factors of 1445644?
2, 361411
List the prime factors of 5380076.
2, 13, 157, 659
List the prime factors of 797023.
383, 2081
What are the prime factors of 6765020?
2, 5, 338251
What are the prime factors of 16142840?
2, 5, 7, 57653
What are the prime factors of 5498926?
2, 43, 1487
List the prime factors of 13836076.
2, 37, 93487
What are the prime factors of 18952648?
2, 11, 13, 16567
List the prime factors of 2194284.
2, 3, 182857
List the prime factors of 22185832.
2, 31, 89459
What are the prime factors of 13674094?
2, 7, 976721
List the prime factors of 11645265.
3, 5, 127, 6113
What are the prime factors of 14673854?
2, 13, 71, 7949
What are the prime factors of 5622887?
5622887
What are the prime factors of 2863641?
3, 11, 107, 811
What are the prime factors of 505255?
5, 101051
What are the prime factors of 347086?
2, 173543
List the prime factors of 809141.
809141
What are the prime factors of 10887127?
43, 47, 5387
What are the prime factors of 10720664?
2, 1340083
What are the prime factors of 64006?
2, 32003
List the prime factors of 3178866.
2, 3, 529811
List the prime factors of 2983078.
2, 7, 41, 5197
List the prime factors of 551842.
2, 275921
What are the prime factors of 256093?
256093
What are the prime factors of 512635?
5, 17, 37, 163
What are the prime factors of 2524762?
2, 173, 7297
List the prime factors of 607295.
5, 13, 9343
What are the prime factors of 1547084?
2, 7, 11, 5023
List the prime factors of 312181.
263, 1187
What are the prime factors of 1706370?
2, 3, 5, 23, 2473
What are the prime factors of 2523008?
2, 23, 857
List the prime factors of 6794332.
2, 31, 157, 349
List the prime factors of 231573.
3, 77191
What are the prime factors of 584603?
584603
What are the prime factors of 722760?
2, 3, 5, 19, 317
What are the prime factors of 58754?
2, 29, 1013
What are the prime factors of 560764?
2, 140191
List the prime factors of 11548415.
5, 23, 137, 733
List the prime factors of 154615.
5, 17, 107
List the prime factors of 47791.
47791
What are the prime factors of 379232?
2, 7, 1693
What are the prime factors of 2584308?
2, 3, 215359
What are the prime factors of 616259?
7, 88037
List the prime factors of 10039628.
2, 2509907
What are the prime factors of 291452?
2, 7, 1487
List the prime factors of 593495.
5, 7, 31, 547
List the prime factors of 709819.
11, 173, 373
What are the prime factors of 3157434?
2, 3, 7, 8353
List the prime factors of 38882432.
2, 31, 41, 239
What are the prime factors of 27169?
101, 269
List the prime factors of 1030089.
3, 107, 3209
What are the prime factors of 1195074?
2, 3, 2459
List the prime factors of 23167845.
3, 5, 514841
What are the prime factors of 3593574?
2, 3, 181, 1103
List the prime factors of 4360396.
2, 1090099
What are the prime factors of 1744067?
13, 19, 23, 307
What are the prime factors of 6867227?
19, 361433
List the prime factors of 212705.
5, 19, 2239
List the prime factors of 176945.
5, 43, 823
What are the prime factors of 1984937?
17, 59, 1979
What are the prime factors of 886038?
2, 3, 147673
What are the prime factors of 1444560?
2, 3, 5, 13, 463
What are the prime factors of 18782325?
3, 5, 83477
What are the prime factors of 10810731?
3, 3603577
List the prime factors of 1419531.
3, 61, 7757
List the prime factors of 429150.
2, 3, 5, 2861
What are the prime factors of 280277?
280277
What are the prime factors of 242933?
29, 8377
List the prime factors of 100232.
2, 11, 17, 67
List the prime factors of 4675464.
2, 3, 64937
List the prime factors of 170555.
5, 7, 11, 443
What are the prime factors of 23048810?
2, 5, 31, 149, 499
What are the prime factors of 4838085?
3, 5, 7, 15359
What are the prime factors of 58967?
58967
List the prime factors of 3428402.
2, 223, 7687
What are the prime factors of 471137?
471137
List the prime factors of 2278456.
2, 284807
What are the prime factors of 21157400?
2, 5, 11, 59, 163
List the prime factors of 6862512.
2, 3, 142969
List the prime factors of 14069651.
14069651
What are the prime factors of 80643?
3, 26881
List the prime factors of 789444.
2, 3, 21929
List the prime factors of 19835449.
19, 29, 35999
List the prime factors of 2129438.
2, 743, 1433
List the prime factors of 1436605.
5, 287321
What are the prime factors of 8307837?
3, 761, 1213
What are the prime factors of 5390045?
5, 1078009
List the prime factors of 1068399.
3, 17, 6983
List the prime factors of 830270.
2, 5, 7, 29, 409
What are the prime factors of 14462473?
14462473
List the prime factors of 160176.
2, 3, 47, 71
List the prime factors of 36064385.
5, 7, 1030411
List the prime factors of 1561762.
2, 19, 73, 563
What are the prime factors of 26797639?
11, 1231, 1979
List the prime factors of 267564.
2, 3, 11, 2027
List the prime factors of 14944812.
2, 3, 1245401
What are the prime factors of 426640?
2, 5, 5333
What are the prime factors of 696536?
2, 83, 1049
List the prime factors of 425795.
5, 85159
What are the prime factors of 7685006?
2, 7, 19, 167, 173
What are the prime factors of 618111?
3, 13, 587
List the prime factors of 3099605.
5, 619921
What are the prime factors of 915892?
2, 17, 13469
What are the prime factors of 1361901?
3, 19, 23893
List the prime factors of 6294912.
2, 3, 13, 97
List the prime factors of 1116794.
2, 7, 241, 331
What are the prime factors of 2628162?
2, 3, 146009
What are the prime factors of 20043221?
11, 17, 107183
List the prime factors of 650088.
2, 3, 9029
List the prime factors of 732455.
5, 263, 557
List the prime factors of 1735647.
3, 107, 5407
List the prime factors of 315511.
7, 47, 137
What are the prime factors of 794513?
29, 27397
What are the prime factors of 55077?
3, 11, 1669
List the prime factors of 232235.
5, 46447
What are the prime factors of 3655005?
3, 5, 139, 1753
List the prime factors of 280660.
2, 5, 14033
What are the prime factors of 11476938?
2, 3, 11, 17, 53, 193
What are the prime factors of 182240?
2, 5, 17, 67
What are the prime factors of 464259?
3, 154753
List the prime factors of 11269743.
3, 3756581
List the prime factors of 6230193.
3, 2076731
What are the prime factors of 5576474?
2, 149, 18713
List the prime factors of 5616796.
2, 103, 13633
List the prime factors of 1070429.
1070429
List the prime factors of 3489054.
2, 3, 23, 131, 193
List the prime factors of 2457144.
2, 3, 34127
What are the prime factors of 3407985?
3, 5, 7, 31, 349
List the prime factors of 157329.
3, 5827
List the prime factors of 1431679.
41, 34919
What are the prime factors of 3042077?
41, 74197
List the prime factors of 20582776.
2, 19, 7127
List the prime factors of 5443380.
2, 3, 5, 30241
List the prime factors of 8223352.
2, 19, 54101
List the prime factors of 423732.
2, 3, 35311
List the prime factors of 1837840.
2, 5, 22973
List the prime factors of 5586299.
29, 192631
List the prime factors of 7630034.
2, 103, 37039
What are the prime factors of 8935057?
109, 81973
What are the prime factors of 829063?
829063
What are the prime factors of 4932586?
2, 491, 5023
What are the prime factors of 1657553?
29, 61, 937
What are the prime factors of 192943?
61, 3163
What are the prime factors of 3809980?
2, 5, 197, 967
List the prime factors of 3767117.
3767117
What are the prime factors of 112379?
109, 1031
List the prime factors of 215327.
7, 19, 1619
What are the prime factors of 1197?
3, 7, 19
List the prime factors of 198003.
3, 13, 5077
List the prime factors of 24707.
31, 797
What are the prime factors of 262971?
3, 61, 479
What are the prime factors of 822488?
2, 102811
What are the prime factors of 20528961?
3, 431, 15877
List the prime factors of 125943.
3, 41981
List the prime factors of 459109.
7, 65587
What are the prime factors of 404531?
404531
What are the prime factors of 1049407?
149, 7043
List the prime factors of 2618692.
2, 79, 8287
List the prime factors of 884436.
2, 3, 7, 10529
List the prime factors of 41172169.
3727, 11047
What are the prime factors of 2705743?
23, 47, 2503
What are the prime factors of 3021031?
13, 281, 827
List the prime factors of 21794311.